ulate the remainder when 309 is divided by 7.
1
Calculate the remainder when 187 is divided by 9.
7
What is the remainder when 28 is divided by 9?
1
What is the remainder when 19870 is divided by 54?
52
Calculate the remainder when 217 is divided by 43.
2
Calculate the remainder when 307 is divided by 62.
59
What is the remainder when 332 is divided by 37?
36
What is the remainder when 13856 is divided by 169?
167
Calculate the remainder when 79 is divided by 21.
16
Calculate the remainder when 67 is divided by 8.
3
Calculate the remainder when 157 is divided by 8.
5
What is the remainder when 680 is divided by 84?
8
Calculate the remainder when 135 is divided by 61.
13
What is the remainder when 152 is divided by 69?
14
Calculate the remainder when 114 is divided by 110.
4
What is the remainder when 28 is divided by 10?
8
Calculate the remainder when 680 is divided by 10.
0
What is the remainder when 365 is divided by 187?
178
Calculate the remainder when 58 is divided by 46.
12
What is the remainder when 185 is divided by 64?
57
What is the remainder when 78 is divided by 9?
6
What is the remainder when 2362 is divided by 54?
40
What is the remainder when 144 is divided by 124?
20
What is the remainder when 411 is divided by 109?
84
What is the remainder when 2314 is divided by 129?
121
Calculate the remainder when 206 is divided by 86.
34
What is the remainder when 756 is divided by 124?
12
What is the remainder when 530 is divided by 137?
119
Calculate the remainder when 1726 is divided by 428.
14
Calculate the remainder when 2413 is divided by 2397.
16
What is the remainder when 6998 is divided by 14?
12
What is the remainder when 115 is divided by 59?
56
What is the remainder when 41 is divided by 12?
5
What is the remainder when 5734 is divided by 15?
4
Calculate the remainder when 107 is divided by 49.
9
Calculate the remainder when 2496 is divided by 49.
46
What is the remainder when 1529 is divided by 10?
9
Calculate the remainder when 314 is divided by 269.
45
Calculate the remainder when 65 is divided by 19.
8
What is the remainder when 364 is divided by 295?
69
Calculate the remainder when 218 is divided by 70.
8
Calculate the remainder when 8751 is divided by 22.
17
What is the remainder when 309 is divided by 52?
49
Calculate the remainder when 35 is divided by 15.
5
Calculate the remainder when 356 is divided by 42.
20
What is the remainder when 202 is divided by 12?
10
Calculate the remainder when 1156 is divided by 568.
20
Calculate the remainder when 26 is divided by 11.
4
Calculate the remainder when 1036 is divided by 68.
16
Calculate the remainder when 673 is divided by 25.
23
What is the remainder when 81 is divided by 32?
17
What is the remainder when 82 is divided by 10?
2
What is the remainder when 33 is divided by 10?
3
What is the remainder when 19422 is divided by 105?
102
What is the remainder when 2177 is divided by 6?
5
Calculate the remainder when 83 is divided by 42.
41
What is the remainder when 1476 is divided by 87?
84
What is the remainder when 20186 is divided by 28?
26
Calculate the remainder when 594 is divided by 274.
46
Calculate the remainder when 783 is divided by 158.
151
What is the remainder when 95 is divided by 17?
10
Calculate the remainder when 37 is divided by 18.
1
What is the remainder when 97 is divided by 25?
22
What is the remainder when 21469 is divided by 113?
112
What is the remainder when 68 is divided by 25?
18
What is the remainder when 25658 is divided by 9?
8
What is the remainder when 395 is divided by 190?
15
What is the remainder when 92 is divided by 4?
0
What is the remainder when 1239 is divided by 34?
15
Calculate the remainder when 66 is divided by 57.
9
Calculate the remainder when 62 is divided by 42.
20
Calculate the remainder when 352 is divided by 21.
16
Calculate the remainder when 223 is divided by 14.
13
What is the remainder when 663 is divided by 19?
17
Calculate the remainder when 790 is divided by 66.
64
Calculate the remainder when 1046 is divided by 28.
10
Calculate the remainder when 350 is divided by 52.
38
What is the remainder when 128 is divided by 43?
42
Calculate the remainder when 164 is divided by 84.
80
What is the remainder when 2526 is divided by 35?
6
What is the remainder when 25941 is divided by 69?
66
Calculate the remainder when 35 is divided by 12.
11
Calculate the remainder when 391 is divided by 50.
41
What is the remainder when 325 is divided by 55?
50
What is the remainder when 145 is divided by 21?
19
What is the remainder when 9076 is divided by 29?
28
Calculate the remainder when 1738 is divided by 50.
38
What is the remainder when 9215 is divided by 64?
63
Calculate the remainder when 275 is divided by 46.
45
Calculate the remainder when 173 is divided by 57.
2
Calculate the remainder when 112 is divided by 19.
17
Calculate the remainder when 1746 is divided by 19.
17
What is the remainder when 9069 is divided by 14?
11
What is the remainder when 238 is divided by 70?
28
Calculate the remainder when 2834 is divided by 565.
9
Calculate the remainder when 201 is divided by 29.
27
What is the remainder when 464 is divided by 383?
81
Calculate the remainder when 480 is divided by 126.
102
Calculate the remainder when 94 is divided by 16.
14
Calculate the remainder when 1855 is divided by 30.
25
Calculate the remainder when 823 is divided by 83.
76
Calculate the remainder when 212 is divided by 49.
16
Calculate the remainder when 98 is divided by 86.
12
Calculate the remainder when 98 is divided by 51.
47
Calculate the remainder when 1563 is divided by 23.
22
What is the remainder when 173 is divided by 29?
28
What is the remainder when 55 is divided by 14?
13
What is the remainder when 136 is divided by 16?
8
What is the remainder when 387 is divided by 25?
12
Calculate the remainder when 3710 is divided by 17.
4
What is the remainder when 13615 is divided by 37?
36
Calculate the remainder when 6228 is divided by 67.
64
What is the remainder when 244 is divided by 12?
4
Calculate the remainder when 1057 is divided by 175.
7
Calculate the remainder when 205 is divided by 42.
37
Calculate the remainder when 1218 is divided by 20.
18
What is the remainder when 1523 is divided by 1512?
11
Calculate the remainder when 1053 is divided by 24.
21
What is the remainder when 632 is divided by 39?
8
What is the remainder when 1716 is divided by 40?
36
What is the remainder when 86 is divided by 7?
2
What is the remainder when 259 is divided by 20?
19
Calculate the remainder when 1238 is divided by 10.
8
Calculate the remainder when 39 is divided by 21.
18
What is the remainder when 220 is divided by 71?
7
What is the remainder when 1845 is divided by 11?
8
What is the remainder when 464 is divided by 2?
0
Calculate the remainder when 689 is divided by 173.
170
Calculate the remainder when 735 is divided by 111.
69
Calculate the remainder when 391 is divided by 379.
12
Calculate the remainder when 1324 is divided by 102.
100
What is the remainder when 220 is divided by 25?
20
Calculate the remainder when 1819 is divided by 91.
90
What is the remainder when 4050 is divided by 24?
18
What is the remainder when 740 is divided by 34?
26
Calculate the remainder when 574 is divided by 64.
62
Calculate the remainder when 1553 is divided by 28.
13
What is the remainder when 96 is divided by 37?
22
What is the remainder when 118 is divided by 30?
28
Calculate the remainder when 84 is divided by 27.
3
What is the remainder when 163 is divided by 12?
7
Calculate the remainder when 6591 is divided by 14.
11
What is the remainder when 2851 is divided by 12?
7
Calculate the remainder when 323 is divided by 75.
23
What is the remainder when 6343 is divided by 52?
51
What is the remainder when 70 is divided by 6?
4
Calculate the remainder when 456 is divided by 91.
1
Calculate the remainder when 31052 is divided by 33.
32
Calculate the remainder when 223 is divided by 21.
13
Calculate the remainder when 6265 is divided by 3132.
1
What is the remainder when 2263 is divided by 21?
16
Calculate the remainder when 600 is divided by 30.
0
Calculate the remainder when 208 is divided by 42.
40
Calculate the remainder when 2471 is divided by 25.
21
What is the remai